 = t + 4*o - 265, 3*o = -t + o + 275. Suppose 2*f = 7*f - t. What is the tens digit of f?
5
Let d = -87 - -94. Let o(n) = 5*n - 39. Let v be o(d). What is the units digit of (-1)/((-10)/v)*(-164 - -4)?
4
Suppose 66*s - 69*s = -12. Suppose -2*c + s + 0 = 0. What is the units digit of 135/18 - c/4?
7
Let w = 62772 - 21186. What is the thousands digit of w?
1
Let p(f) = f**3 + 18*f**2 - 7*f - 25. Let d(m) = -3*m + 24. Suppose -5*x + 74 = 4*j, -j + 5*j + 10 = x. Let g be d(x). What is the tens digit of p(g)?
0
Let n = 140 + 28. Let a(x) = -x**3 + 12*x**2 - 32*x + 19. Let q be a(10). Let d = n + q. What is the units digit of d?
7
Let b be ((-1)/3)/((-1)/33). Let p = 9202 - 9185. Suppose 462 = -b*l + p*l. What is the tens digit of l?
7
Let r(i) = -i**3 + 27*i**2 + 47*i + 569. What is the thousands digit of r(-23)?
5
Let n(t) = 78*t**2 + 4*t + 4. Let u = -243 - -245. What is the hundreds digit of n(u)?
3
Let i(s) = -302*s - 70. Let n be i(-2). Suppose -n - 591 = -9*p. What is the tens digit of p?
2
Let u(s) = -122*s**2 - 2*s - 2. Let z be u(-1). Let r = 395 + z. What is the units digit of r?
3
Suppose 13 = 3*k + 3*a - 8, -2*a = -4. What is the tens digit of (-217)/((-8)/(-2) - k)?
1
Let b = -99 - -117. Suppose -14*x = -b*x - 24. What is the hundreds digit of ((-178)/5)/(x/30)?
1
Suppose 65225 = 33*x - 40375. What is the tens digit of x?
0
Let p(k) = -168*k + 1073. What is the units digit of p(-30)?
3
Let k(c) = -c**2 - 38*c + 153. Let y be k(-41). What is the units digit of (-5)/y - 17481/(-18)?
1
What is the tens digit of (-7984)/((5/(-30))/((-22)/(-33)))?
3
Let p(r) = -6*r - 10. Let l be p(-4). Let q(d) = d**2 + d - 4*d + l + 2*d. What is the units digit of q(-6)?
6
Let s be (4/(-14))/(2/(-28)). Suppose -5*a + 2*t + 489 = 0, -3*t - 474 = -s*a - 87. What is the units digit of a?
9
Let m(b) = -4*b + 6. Let u(r) = -7*r - 1. Let k be u(-8). Let t be k/(-5) + 4 + 4. What is the units digit of m(t)?
8
Let m(b) be the first derivative of 5*b**3/3 - 3*b**2/2 + 6*b + 23. Let x be m(3). Suppose -t = 1 - x. What is the units digit of t?
1
What is the hundreds digit of 362/5*((-3)/(-2))/((-84)/(-3640))?
7
Let j(i) = 99*i**2 - 92*i + 6. What is the tens digit of j(11)?
7
Suppose 4*h = -t - 26, 21*t - 18*t - 7 = 5*h. What is the tens digit of (t + -50)/(-3 + 0 + 1)?
2
Suppose -2*p = -5*h - 655, -13*h + 512 = -17*h + 4*p. Let n = h - -174. What is the units digit of n?
1
Suppose -307679 - 372374 = -26*g + 190661. What is the tens digit of g?
8
Let s(m) = -m**2 - 40*m - 16. Let o be s(-16). Let n be (-2 - -5) + 2*1. Suppose n*y - o = y. What is the tens digit of y?
9
Suppose -5*x = -2*h - 6, 5*x - 16 = -4*h + h. Let n(m) = 9 + 1 - 2 - 2 + 4*m. What is the units digit of n(h)?
4
Let w(u) = -35*u - 14. Let h be w(-9). Suppose -7*g + h = 42. What is the units digit of g?
7
What is the tens digit of (-978252)/(-54) - 74/(-333)?
1
Let t = -11180 + 23332. What is the units digit of t?
2
Suppose 46 = 5*a + 1. Suppose 0 = -a*x + 950 - 176. What is the tens digit of x?
8
Let f = 16 + -14. Suppose f*y = -3*p - 8, 3*p + 2*y = -3*y + 7. What is the units digit of 2 - 21/9 - 1340/p?
3
Suppose -65*l - 3*y = -66*l + 1854, 3*l = -5*y + 5520. What is the thousands digit of l?
1
What is the hundreds digit of (-6 - 46/(-6))*((-11924)/(-4) - 2)?
9
Let n(t) = t**3 + 26*t**2 + 36*t + 6. Let a be n(-11). Suppose -3*f + a = -192. What is the hundreds digit of f?
5
Let v be -3*1 - (5 - 8). Let i = 240 + -239. What is the tens digit of (0 + i)*(59 - (v - 2))?
6
Let w = 9300 - -1289. What is the units digit of w?
9
Suppose 3*y - 265 = 5*c, -4*y + y = -c - 257. Let v = y - 82. Suppose -2*u + 60 = v*u. What is the units digit of u?
2
Suppose -15*m + 20 = 5. Let p be 1*(8 - 5) - m. Suppose x + 173 = i, 697 = 2*i + p*i - 3*x. What is the hundreds digit of i?
1
Let b = 36 + -37. What is the units digit of 282 - (b/(-5) - (-224)/(-70))?
5
What is the tens digit of (-652794)/(-78) + (-36)/234?
6
Let w be (-15477)/(-28)*40/15. Let n = w - 843. What is the units digit of n?
1
Suppose -2*b + 195 + 241 = 5*c, 3*b + c = 628. Suppose 6*q = 4*q - 2*n + b, 0 = -2*q - n + 203. What is the tens digit of q?
9
Suppose 25564*w = 25556*w + 93584. What is the thousands digit of w?
1
Let k(y) = 6*y**2 - 6*y - 16. Let x(w) = -w**3 - 6*w**2 + 9*w + 19. Let t be x(-7). What is the tens digit of k(t)?
0
Let r(j) = -8 - 18 - 5*j + 14*j**2 - 4*j - 5*j**3 + 4*j**3. Suppose 4*f = -20 + 64. What is the units digit of r(f)?
8
Suppose 5*g - 9 = 2*q - q, -g + 5 = 3*q. Let l(m) = 2*m**3 - m**3 - 9*m**2 + 26*m**g + m**2 - 10 - 28*m. What is the hundreds digit of l(-19)?
1
Suppose 0 = 4*j + 2*g - 22, 2*j + 5*g = 5*j - 36. Suppose -3*o + 1490 = j*o. What is the tens digit of o?
4
Suppose 0 = 5*x - 0*x + 3570. Let u = x - -1119. What is the hundreds digit of u?
4
Suppose -4*p - 4*c + 1468 = -5*c, -2*p = -4*c - 734. Let s = -271 + p. What is the units digit of s?
6
Let u = -7553 - -13377. What is the tens digit of u?
2
Let j(s) = 11*s**2 - 73*s + 689. What is the thousands digit of j(12)?
1
Let l(f) = 4*f**3 + 3*f + f**3 - 6*f - 4*f**3 + f**2. Let o be l(-2). Suppose -o*r = -10*r + 528. What is the units digit of r?
6
Let s = 81230 + -40619. What is the tens digit of s?
1
Let t(p) = 45*p + 3. Suppose 2*u = -2*c + 6, 6*c - 3*c + u = 5. Let f be t(c). Suppose 450 - f = 3*l. What is the tens digit of l?
3
Let v(a) = -11*a - 6. Let c be v(-1). Suppose 0 = -r - h - 59, -2*r - c*h - 27 = 76. Let l = 104 + r. What is the units digit of l?
0
Let m(j) be the second derivative of 9*j**4 - 3*j**3/2 + 6*j**2 - j + 22. What is the hundreds digit of m(3)?
9
Let a(t) = 3*t**2 + 9*t + 6. Let s(f) = 7*f**2 + 18*f + 12. Let b(r) = 5*a(r) - 2*s(r). Let j be b(-11). What is the tens digit of j/42 - 974/(-6)?
6
Let g = -33 + 37. Suppose 5*s = -3*f + 40, 2*f + g = -s + 26. What is the tens digit of 1 + 2 + (f - -8)?
2
Suppose 20*u - 11899 = 15801. Suppose -5*w = 5*l - u - 1530, -2*l - 4*w + 1164 = 0. What is the hundreds digit of l?
5
What is the hundreds digit of -7 + 520710/54 + 2/9?
6
Suppose 4*k + 21 - 1 = 0, 3*k = -3*f + 372. Suppose -3*n = 3*t - f, 4*t = t - 4*n + 124. Suppose 4*p - t = -0*p. What is the tens digit of p?
1
Let k(r) = -10*r + 84. Let t be k(6). Suppose 2885 = t*i - 2395. What is the hundreds digit of i?
2
Let b be (-60)/(-8)*(80/(-15) - -6). What is the tens digit of (11085/75)/(1/b)?
3
Suppose 5*y - 1925 = -5*s + 3*s, 2*y - 2860 = -3*s. What is the tens digit of s?
5
Let t be 2/(-20) + 27621/810. Suppose 3264 = -t*s + 38*s. What is the tens digit of s?
1
Let c be (86/(-10) - -1)/((-68)/(-170)). Let a = 100 - c. What is the units digit of a?
9
Let p = -437 - -486. Suppose -p = -9*v - 4. What is the units digit of v?
5
Suppose 38*w = 4*u + 34*w - 11968, -5*u + 4*w = -14958. What is the thousands digit of u?
2
What is the thousands digit of (0 + -1 - 0)/((-46)/2603646)?
6
Let f(c) = -171*c**2 + 8 + 96*c**2 + 105*c**2 - 4*c. Let m be 4/(-6)*3*-1. What is the hundreds digit of f(m)?
1
Let c = -1913 + 7503. What is the units digit of c?
0
Let a(q) = 25*q**3 - q**2 - 2*q - 1. Suppose w - 5 = -g - 4, 5*g = -w - 11. Suppose -3*i = -w*k - 6*i - 4, 5*k + 4*i = -6. What is the units digit of a(k)?
1
Suppose 0 = 5*n - 906 - 1074. Suppose 11*r = -44 + n. Suppose -179 = -3*l - r. What is the tens digit of l?
4
Let y = 45285 - 16135. What is the ten thousands digit of y?
2
Suppose 668*s - 321222 = 646*s. What is the tens digit of s?
0
Suppose -13*t + 4916 = 1159. What is the tens digit of t?
8
Suppose -3*s - 5*z + 30840 = 0, 0 = 2*s - z - z - 20560. Suppose 15*x = -5*x + s. What is the hundreds digit of x?
5
Suppose 21*j + 99 = -27. Let f(n) = -220*n + 51. What is the thousands digit of f(j)?
1
Let n(i) = -i**2 + 1. Let r be n(-1). Let d = -125 + 127. Suppose -5 = y, r*y - 5*y + 327 = d*l. What is the tens digit of l?
7
Suppose 221*z - 1164326 = 353060. What is the hundreds digit of z?
8
Let s(o) = 37*o**2 - 21*o - 237. Let z be s(-10). Suppose z = -9*q + 14833. What is the thousands digit of q?
1
Let p be (-793)/(-13)*-1*2/2. Let z = 61 + p. Suppose z = -l - 4*m + 111, -l = m - 3*m - 123. What is the hundreds digit of l?
1
Suppose 0 = -3*n + 6, 8*s - 5*s + 4*n = 530. What is the units digit of s?
4
What is the tens digit of (160/(-4))/5 - 